Let r = -335 - -329. What is z(r)?
-18
Let q(i) = -i**2 + 6. Let t(b) = b. Let m be t(9). Let f be (-6)/m*(-315)/10. Let j = f - 21. Determine q(j).
6
Suppose u = -4*p + 201, -5*u = -3*u - 2. Suppose 47*y = p*y + 27. Let h(r) = r**2 + 9*r - 8. Determine h(y).
-8
Suppose -1428*g + 1434*g = -24. Let r(y) = -5*y**3 + 4*y - y**2 - 5*y**2 - 3 + 4*y**2 + 4*y**3. Determine r(g).
13
Let v(o) = 2*o**2 + 6*o - 4. Let d = 21 + -8. Suppose -3*p + 23 = -d. Suppose -p + 2 = 2*t. Give v(t).
16
Let d = -38 + 41. Let q(m) = -2*m - 4*m**2 - 11 + 3*m + 17 + 3*m**2 - m**d. Determine q(0).
6
Let i(h) = 7*h + 13. Suppose -k = 4*p + 11, 4*k - 20*p + 24 = -16*p. Give i(k).
-36
Let y(d) = 5 - 2 - d**2 + 2. What is y(-4)?
-11
Let t(u) be the second derivative of -u**4/12 - 7*u**3/6 - 3*u**2 + 573*u. Determine t(-4).
6
Let w = 439 + -433. Let v(u) = -u. Give v(w).
-6
Let g(c) be the first derivative of c**3/2 - 3*c**2 + 2*c - 1. Let p(a) be the first derivative of g(a). Let t be 3*(1 + (-3)/(-9)). What is p(t)?
6
Let v(p) = -p**3 + 3*p**2 - p + 4. Let i be v(-5). Let o be 8/(-32) - i/(-4). Let c(k) = 30 + 28 + 2*k - o. What is c(-4)?
-2
Let w(i) = i**2 - i + 1. Let j(p) = -p**3 + 5*p**2 + 5*p + 4. Let t be j(5). Let q = -21 + t. Let c = 11 - q. Calculate w(c).
7
Let d(g) = 3 + 9*g + 9 + g**2 - 3. Let u(f) = -f - 12. Let n be u(-6). Determine d(n).
-9
Suppose 23 = -70*f - 887. Let h(x) = x - 12. What is h(f)?
-25
Let q(k) = k**3 + 3*k**2 + k. Let l(s) = s - 39. Let d be l(35). What is q(d)?
-20
Let k(u) be the third derivative of u**6/120 + u**5/30 - u**4/24 + u**3/6 - 40*u**2. Determine k(-4).
-27
Let t be 2/12 + 232/48. Let j(c) = c**3 + 4*c**2 - 3*c - 2. Let g(l) = 3*l**3 + 8*l**2 - 7*l - 3. Let y(q) = t*j(q) - 2*g(q). Give y(4).
-8
Let z = -220 - -214. Let f(s) = s**3 + 5*s**2 - 6*s - 8. What is f(z)?
-8
Suppose -2*f = 3*j + 25, 3*f - 3*j + 35 = -7*j. Let i(z) be the first derivative of z**3/3 + 2*z**2 - 5*z + 516. Give i(f).
0
Let n(r) = r - 2. Let b be (240/(-6))/10*-1. Give n(b).
2
Suppose 5*d = o + 28, 0 = d + o + 1 - 9. Let w(r) = -5*r**3 - 13*r**2 + 3*r - 14. Let b(c) = c**3 + c**2 + c + 1. Let k(q) = -6*b(q) - w(q). Determine k(d).
-10
Let b(p) = -2*p**2 - 2*p - 8. Let z(m) be the first derivative of 2*m**3/3 + m**2 + 7*m + 8. Let a(n) = -6*b(n) - 7*z(n). What is a(-1)?
-1
Let u(z) = -7*z**3 + z**2 - 9*z + 3. Let r(j) = -8*j**3 + 2*j**2 - 11*j + 4. Let i(y) = -6*r(y) + 7*u(y). Give i(-5).
-18
Let p(k) = 5*k - 4*k + 0*k. Let f(x) = x + 1. Let v(i) = 4*f(i) - 3*p(i). Determine v(-4).
0
Let b(y) = y**2 + 6*y - 2. Let l = 7 + -15. Let v be b(l). Let z(c) = 9*c + 1. Let n(t) = -4*t. Let p(g) = v*n(g) + 6*z(g). Determine p(5).
-4
Let a(x) = -2*x**2 + 133*x + 1195. Let c be a(-8). Let l(m) be the third derivative of -5*m**4/24 - m**3/6 - m**2. What is l(c)?
-16
Let s = 1072 - 1079. Let v(c) be the first derivative of -1/2*c**2 - 7*c + 1. What is v(s)?
0
Let y(o) = o - 3. Suppose 5*s - 90 = 10. Suppose -11 + s = -3*d. Determine y(d).
-6
Let t(c) be the third derivative of c**5/60 + 13*c**4/24 - 10*c**3/3 - 3*c**2 - 12*c. Give t(-16).
28
Let k(f) = -2*f - 1. Let p(r) = r**3 + 11*r**2 + 2*r + 16. Let w be p(-11). Let g(j) = -5*j - 3. Let i(y) = w*g(y) + 17*k(y). What is i(2)?
-7
Suppose 0 = 2*k + 2*k - 4*h + 20, 0 = -2*k - 3*h - 25. Let i be 16/(-24) - k/3. Let v(o) = 2*o**3 - 8 + 10 - i*o**2 - 6*o + 3*o. What is v(2)?
4
Let q(i) be the first derivative of -11*i**4/24 + i**3/3 - 29*i**2/2 - 20. Let z(w) be the second derivative of q(w). What is z(2)?
-20
Let l(j) be the second derivative of j**5/20 - j**4/2 + 7*j**3/6 + 7*j**2/2 + 389*j. Give l(6).
49
Suppose -p = 2*w - 4, w - 4*p = 6*w - 10. Let y(u) = -4 - 2*u + 5 - 3*u + w. What is y(2)?
-7
Let s(k) = k**2 + 2*k - 1. Suppose 0 = -o + 6*o. Let m be (4 + (o - 1))/1. Let p = m + -5. Determine s(p).
-1
Let x(d) be the first derivative of -d**4/4 + 5*d**3/3 - 7*d + 62. Suppose w + 9 = 14. Calculate x(w).
-7
Suppose -6 + 6 = -3*k. Suppose k*m + m = -10. Let o(x) = -x - 21. Determine o(m).
-11
Suppose 6*u - 3*u = 30. Suppose u - 10 = 4*b. Let a(n) = -n**2 + n - 7. Calculate a(b).
-7
Let k(z) = -2*z**2 - 18*z - 11. Let g be k(-8). Let o(x) = 2*x + 5. Give o(g).
15
Let u(p) = 9*p**2 + 58*p - 34. Let d be u(-7). Let s(n) = -5*n - 7. Determine s(d).
-12
Let q(n) = -6*n**3 - 43*n**2 - 17*n + 17. Let h(z) = 5*z**3 + 38*z**2 + 16*z - 16. Let l(m) = -7*h(m) - 6*q(m). Determine l(9).
1
Let p be (-65)/52 - ((-7)/4)/7. Let o(w) = 27*w**3 - w**2 + w + 1. What is o(p)?
-28
Let l(j) = 10*j + 4. Suppose -3*p + 5*p = -v - 4, -v + 8 = -p. Let t(o) = -11*o + 41. Let h be t(v). What is l(h)?
-26
Let k(q) be the third derivative of -q**6/120 - q**5/5 - 19*q**4/24 + 2*q**3 - 71*q**2. Give k(-10).
2
Let i be 3/9 - (-6)/9. Let c(x) be the second derivative of -x**4/12 - x**3/6 + x**2/2 - 20*x. Calculate c(i).
-1
Let v(w) = -w**2 + 4. Suppose -s - d = -4, -4 = -2*s + d - 11. Let j be -3*3/(s + 4). Determine v(j).
-5
Let q(p) = -p**3 + p**2 + p + 1. Let m(w) = -3*w**3 + 5*w**2 - w - 1. Let t(d) = -m(d) + 2*q(d). Let k be 26/10 + 158/395. Give t(k).
12
Let d(h) = -87*h + 7 + 88*h - h**3 + 3*h**3 - 2 - 6. Suppose 3*y = 4*a - 17, -2*a - 4 = -3*y - 11. Determine d(y).
2
Let u(c) be the second derivative of 2*c**3/3 + 61*c**2/2 + 74*c. Give u(-16).
-3
Suppose -4 = 2*c + 6*a - a, 2*c = -3*a - 4. Let n be (12/15)/(c/40*-2). Let q(r) = r - 15. Give q(n).
-7
Let g(c) = 26*c. Let v(o) = -o**2 - 39*o - 73. Let i be v(-37). Calculate g(i).
26
Let l(b) = -8*b. Let n be 1*(2 + (1 - 4)). Let t = 2 + n. Determine l(t).
-8
Suppose -4*q = -2*i - 2*i + 4, -4*i - 1 = -5*q. Let z(a) = -1 - 7*a**2 - i + 0*a**3 + a**3 + 8*a. Let j be 9/12 - 147/(-28). Determine z(j).
5
Let a(l) = l**3 - 5*l**2 - l**2 + 4 + l - 4*l**2 + 0*l**2. Suppose s - 2 = 8. Give a(s).
14
Let d(g) = -10*g**2 + 2*g + 10. Let m(f) = 37*f**2 - 8*f - 38. Let y(s) = -22*d(s) - 6*m(s). Determine y(4).
-8
Let i(b) be the third derivative of b**5/20 - b**4/8 - b**3/3 + 12*b**2 - 3. Calculate i(3).
16
Let l(p) be the third derivative of p**6/120 - p**5/15 - p**4/6 + 5*p**3/3 + 4*p**2 + 19*p. What is l(4)?
-6
Let w(k) = -5*k**2 - 11*k - 15. Let u(p) = -14*p**2 - 32*p - 44. Let m(s) = -6*u(s) + 17*w(s). Let a be -5 + 4 + (2 - -6). Suppose 0*c = c - a. Calculate m(c).
-5
Let x = 4017/2 - 2006. Let w(m) be the first derivative of -1/3*m**3 + 13 + x*m**2 - 3*m. Determine w(6).
-9
Suppose -3*y + 5*u = u - 5, 2*y + u + 15 = 0. Let t = 10 + y. Let q(o) be the second derivative of o**5/20 - o**4/2 + o**3/6 + 7*o**2/2 + 4*o. Give q(t).
-13
Let v(y) = y**2 + 9*y + 9. Let s(c) = c + 4. Let j be s(3). Let t(q) = -9*q - j + 10*q - 3. Let f be t(4). Give v(f).
-9
Let k(c) = -5*c**2 - 4 + 5 - 2 - 2*c. Let m be (-486)/135 - 3/(-5). Let l be (m - -5)*3/(-6). Determine k(l).
-4
Let c(h) = -2*h + 2*h**2 - 15*h**3 - 4 - 1 + 16*h**3. Let u be c(-3). Let w(z) = -z**3 - 7*z**2 + 9*z + 9. Let n be w(u). Let d(r) = -r**2 + 1. What is d(n)?
0
Let z(y) = 8*y - 28. Let r be z(8). Suppose -42*s = -r*s - 78. Let d(b) = -b**2 + 13*b + 5. What is d(s)?
5
Let v(x) = x**2 - x + 24. Let a be (-39)/42 + 1 + 10/(-140). Determine v(a).
24
Let b(y) = y**2 + 15*y + 2. Let f be b(-15). Suppose -3*a = -5*a - 4*z + 20, 0 = -z + f. Let v(h) = h**2 - 3*h - 6. Give v(a).
12
Let r(c) = c**2 + 7*c + 3. Suppose 19*m - 16*m - 32 = 5*u, -u - 5*m = -16. Calculate r(u).
-9
Let a(b) = -7*b**2. Let r = 8 + -7. Let z be (-1)/r + -1 + 5. Suppose 0 = -7*t + 2*t - 3*g + 20, -7 = z*t - 2*g. What is a(t)?
-7
Let o(u) = u - 1. Let s(m) = 11*m - 7. Let v(i) = -6*o(i) + s(i). Give v(5).
24
Let x = 32 + -27. Suppose 3*p + 3*g - 4*g = 16, 4*p - 25 = x*g. Let c(d) = -d**2 + 5*d - 6. Determine c(p).
-6
Let i(k) = -16*k - 62. Let n be i(-4). Suppose d + 0*d = 0. Let w(t) = 3*t + 2 + d*t + t - 7*t. What is w(n)?
-4
Let z(r) = -2*r**3 - 15*r**2 + 17*r + 4. Let g(y) = y**3 + 8*y**2 - 9*y - 2. Let o(k) = 11*g(k) + 6*z(k). Let a be (-5 + 4)/(2/6). Determine o(a).
2
Let d(t) = 2*t**2 - 9*t + 3. Let u(f) = -f - 1. Let w(x) = 6*x + 7. Let n(i) = u(i) - w(i). Let k be n(-2). Give d(k).
21
Let m = 249 - 169. Let g = m + -86. Let t(q) = -q**2 - 8*q - 1. What is t(g)?
11
Let w(f) = -f**2 + 4*f + 5. Let i = 14 - 28. Let g be (-808)/(-56) + 6/i. Suppose g = 5*b - 11. Calculate w(b).
0
L